{"id":598,"date":"2022-10-03T12:22:21","date_gmt":"2022-10-03T10:22:21","guid":{"rendered":"https:\/\/biznesyiniuanse.pl\/?page_id=598"},"modified":"2022-10-03T12:22:21","modified_gmt":"2022-10-03T10:22:21","slug":"polityka-plikow-cookies","status":"publish","type":"page","link":"https:\/\/biznesyiniuanse.pl\/index.php\/polityka-plikow-cookies\/","title":{"rendered":"Polityka plik\u00f3w cookies"},"content":{"rendered":"\n<p><strong>POLITYKA PLIK\u00d3W COOKIES<\/strong><\/p>\n\n\n\n<p><strong>Cze\u015b\u0107!<\/strong> Niezale\u017cnie od tego czy lubisz <strong>ciasteczka<\/strong> czy nie, poni\u017cej znajdziesz gar\u015b\u0107 informacji na temat plik\u00f3w cookies, jakie wykorzystuje nasza Strona internetowa lub Blog, kt\u00f3re s\u0105 dla Ciebie dost\u0119pne pod adresem: www.biznesyiniuanse.pl \ud83d\ude42\u00a0<\/p>\n\n\n\n<p>Ten dokument, to<strong> Polityka plik\u00f3w Cookies. Okre\u015bla ona zasady przechowywania i dost\u0119pu do informacji na Twoich urz\u0105dzeniach za pomoc\u0105 plik\u00f3w Cookies<\/strong>, kt\u00f3re s\u0142u\u017c\u0105 realizacji us\u0142ug \u015bwiadczonych drog\u0105 elektroniczn\u0105 za po\u015brednictwem naszej Strony internetowej. Pami\u0119taj, \u017ce<strong> dzi\u0119ki mechanizmowi Cookies, Twoja nast\u0119pna wizyta na naszej Stronie internetowej b\u0119dzie przyjemniejsza i bardziej efektywna!<\/strong><\/p>\n\n\n\n<p><strong>Zgoda na Cookies<\/strong> musi spe\u0142nia\u0107 warunki zgody z RODO (zgodnie wi\u0119c z art. 4 pkt 11 RODO musi by\u0107 ona dobrowolna, konkretna, \u015bwiadoma, jednoznaczna) i dotyczy to nie tylko samych ciasteczek, ale i innych technologii (np. \u015bledz\u0105cych), kt\u00f3re dzia\u0142aj\u0105 w analogiczny do plik\u00f3w Cookies spos\u00f3b. St\u0105d te\u017c, podczas Twojej pierwszej wizyty, na naszej Stronie internetowej wy\u015bwietlana jest Ci informacja na temat stosowania plik\u00f3w Cookies w formie alertu pop-up. Mo\u017cesz zmieni\u0107 ustawienia Cookies bezpo\u015brednio w ustawieniach wspomnianego alertu, z poziomu swojej przegl\u0105darki internetowej albo w og\u00f3le usun\u0105\u0107 pliki Cookies. Pami\u0119taj, \u017ce przegl\u0105darki zarz\u0105dzaj\u0105 ustawieniami Cookies na r\u00f3\u017cne sposoby \u2013 w celu zmiany skorzystaj z menu pomocniczego, w kt\u00f3rym znajdziesz przydatne wyja\u015bnienia w tym zakresie.\u00a0<\/p>\n\n\n\n<p><strong>Tutaj znajdziesz instrukcje, jak w\u0142\u0105czy\u0107 i wy\u0142\u0105czy\u0107 pliki Cookies w swojej przegl\u0105darce:&nbsp;<\/strong><\/p>\n\n\n\n<ul class=\"wp-block-list\"><li><strong><a href=\"https:\/\/support.mozilla.org\/pl\/kb\/W%C5%82%C4%85czanie%20i%20wy%C5%82%C4%85czanie%20obs%C5%82ugi%20ciasteczek\">Firefox<\/a>,\u00a0<\/strong><\/li><li><strong><a href=\"https:\/\/support.google.com\/chrome\/answer\/95647?hl=pl\">Chrome<\/a><\/strong>,\u00a0<\/li><li><strong><a href=\"https:\/\/support.apple.com\/kb\/PH5042?locale=pl_PL\">Safari<\/a><\/strong>,\u00a0<\/li><li><strong><a href=\"https:\/\/support.microsoft.com\/pl-pl\/topic\/usuwanie-plik%C3%B3w-cookie-i-zarz%C4%85dzanie-nimi-168dab11-0753-043d-7c16-ede5947fc64d\">Internet Explorer<\/a><\/strong>,\u00a0<\/li><li><strong><a href=\"https:\/\/help.opera.com\/pl\/latest\/web-preferences\/\">Opera<\/a><\/strong>.<\/li><\/ul>\n\n\n\n<p>W razie jakichkolwiek <strong>pyta\u0144<\/strong>, zwi\u0105zanych z wykorzystywaniem plik\u00f3w Cookies w ka\u017cdej chwili mo\u017cesz si\u0119 ze mn\u0105 skontaktowa\u0107 <strong>pisz\u0105c wiadomo\u015b\u0107 na adres e-mail<\/strong>: kontakt@biznesyiniuanse.pl.<\/p>\n\n\n\n<p class=\"has-text-align-center\"><br><strong>I.Definicje<\/strong><\/p>\n\n\n\n<ul class=\"wp-block-list\"><li><strong>Administratorami Danych Osobowych<\/strong> s\u0105<\/li><\/ul>\n\n\n\n<p><strong>Agnieszka So\u0142tysiak- Zago\u017cd\u017con<\/strong>&nbsp;prowadz\u0105ca jednoosobow\u0105 dzia\u0142alno\u015b\u0107 gospodarcz\u0105 pod firm\u0105<strong><br>Biuro Doradztwa Gospodarczego LOGICA NOVA<\/strong>&nbsp;z zak\u0142adem g\u0142\u00f3wnym pod adresem: Dworcowa 4a, 62-020 Swarz\u0119dz, wpisana\/wpisany do Centralnej Ewidencji i Informacji o Dzia\u0142alno\u015bci Gospodarczej od dnia: 01-04-2006, NIP: 7831501079, REGON: 300219568.<\/p>\n\n\n\n<p>oraz<\/p>\n\n\n\n<p><strong>Karolina Bartoszek-Dourado\u00a0<\/strong>prowadz\u0105ca jednoosobow\u0105 dzia\u0142alno\u015b\u0107 gospodarcz\u0105 pod firm\u0105<strong><br>Oh my! Us\u0142ugi Kreatywne Karolina Bartoszek-Dourado<\/strong>\u00a0z zak\u0142adem g\u0142\u00f3wnym pod adresem: Osiedle Szkolne 31\/14 , 31-975 Krak\u00f3w, wpisana\/wpisany do Centralnej Ewidencji i Informacji o Dzia\u0142alno\u015bci Gospodarczej od dnia: 12-11-2012, NIP: 7491945942, REGON: 122704761.<\/p>\n\n\n\n<ul class=\"wp-block-list\"><li><strong>Cookies\u00a0(ciasteczka)<\/strong> \u2013 dane informatyczne, kt\u00f3rymi s\u0105 przede wszystkim niewielkie pliki tekstowe sk\u0142adaj\u0105ce si\u0119 z szeregu liter oraz cyfr, zapisywane i przechowywane na urz\u0105dzeniach za po\u015brednictwem kt\u00f3rych Ty \u2013 jako U\u017cytkownik \u2013 korzystasz z naszej Strony internetowej,<\/li><li><strong>Cookies W\u0142asne<\/strong>\u00a0\u2013 Cookies, kt\u00f3re to my zamieszczamy na tej Stronie internetowej i s\u0105 one zwi\u0105zane ze \u015bwiadczeniem przez nas us\u0142ug drog\u0105 elektroniczn\u0105. Oznacza to, \u017ce te pliki Cookies s\u0105 odczytywane przez nasz system teleinformatyczny,<\/li><li><strong>Cookies Zewn\u0119trzne<\/strong>\u00a0\u2013 Cookies, kt\u00f3re zamieszczaj\u0105 za po\u015brednictwem tej strony internetowej inne, zaufane nam podmioty. Oznacza to, \u017ce ten rodzaj Cookies odczytywany jest przez system teleinformatyczny takich podmiot\u00f3w trzecich,<\/li><li><strong>Strona internetowa<\/strong>\u00a0\u2013 nasza Strona internetowa, dzia\u0142aj\u0105ca w domenie www.biznesyiniuanse.pl,<\/li><li><strong>Urz\u0105dzenie<\/strong>\u00a0\u2013 elektroniczne urz\u0105dzenie ko\u0144cowe za po\u015brednictwem kt\u00f3rego uzyskujesz dost\u0119p do naszej Strony internetowej. Mo\u017ce to by\u0107 np. komputer, laptop, tablet czy smartfon,<\/li><li><strong>U\u017cytkownik<\/strong>\u00a0<strong>(Ty)<\/strong> \u2013 podmiot, na rzecz kt\u00f3rego zgodnie z Regulaminem i przepisami prawa mog\u0105 by\u0107 \u015bwiadczone us\u0142ugi drog\u0105 elektroniczn\u0105 lub z kt\u00f3rym zawarta mo\u017ce by\u0107 Umowa o \u015bwiadczenie us\u0142ug drog\u0105 elektroniczn\u0105.<\/li><\/ul>\n\n\n\n<p><strong>II. Rodzaje wykorzystywanych plik\u00f3w Cookies<\/strong><\/p>\n\n\n\n<ol class=\"wp-block-list\"><li>Bez obaw \u2013 <strong>stosowane przez nas pliki Cookies s\u0105 ca\u0142kowicie bezpieczne dla Twojego Urz\u0105dzenia<\/strong>. T\u0105 drog\u0105 nie przedostan\u0105 si\u0119 do Twojego Urz\u0105dzenia \u017cadne wirusy czy innego rodzaju niechciane lub z\u0142o\u015bliwe (szkodliwe) oprogramowanie. Kr\u00f3tko m\u00f3wi\u0105c \u2013 mo\u017cesz spa\u0107 spokojnie!<\/li><li>Pliki Cookies <strong>pozwalaj\u0105 przede wszystkim zidentyfikowa\u0107 oprogramowanie<\/strong> jakie jest przez Ciebie wykorzystywane po to, aby <strong>dostosowa\u0107 funkcjonalno\u015b\u0107 naszej Strony internetowej do Twoich indywidualnych potrzeb i preferencji.<\/strong> Cookies zazwyczaj zawieraj\u0105 nazw\u0119 domeny z kt\u00f3rej pochodz\u0105, czas przechowywania ich na Twoim Urz\u0105dzeniu oraz przypisan\u0105 im warto\u015b\u0107.<\/li><li>Na naszej Stronie internetowej <strong>wykorzystujemy dwa typy plik\u00f3w Cookies<\/strong>:<br>a) <strong>Cookies sesyjne:<\/strong> to pliki, kt\u00f3re s\u0105 przechowywane na Twoim Urz\u0105dzeniu i pozostaj\u0105 tam do momentu zako\u0144czenia sesji danej przegl\u0105darki. Zapisane informacje s\u0105 w\u00f3wczas trwale usuwane z pami\u0119ci Twojego Urz\u0105dzenia,<br>b) <strong>Cookies trwa\u0142e: <\/strong>pliki, kt\u00f3re s\u0105 przechowywane na Twoim Urz\u0105dzeniu i pozostaj\u0105 tam do momentu ich skasowania. Oznacza to, \u017ce zako\u0144czenie sesji danej przegl\u0105darki lub wy\u0142\u0105czenie Urz\u0105dzenia nie powoduje ich usuni\u0119cia z Twojego Urz\u0105dzenia \u2013 ka\u017cdy trwa\u0142y plik Cookies posiada swoj\u0105 dat\u0119 wa\u017cno\u015bci, a wi\u0119c okres przez jaki przechowywany jest na Twoim urz\u0105dzeniu. Je\u017celi chcesz wiedzie\u0107 wi\u0119cej w tym temacie, zerknij do tabelki zamieszczonej w punkcie <strong>III.<\/strong> poni\u017cej.<\/li><li>Zar\u00f3wno <strong>mechanizm<\/strong> dzia\u0142ania Cookies sesyjnych, jak i Cookies trwa\u0142ych nie pozwala na pobieranie jakichkolwiek danych osobowych ani \u017cadnych innych informacji poufnych z Twojego Urz\u0105dzenia.\u00a0<\/li><li>W\u015br\u00f3d\u00a0<strong>rodzaj\u00f3w plik\u00f3w Cookies<\/strong>, z kt\u00f3rych korzystam mo\u017cna wskaza\u0107 na: \u201eniezb\u0119dne\u201d, \u201efunkcjonalne\u201d, \u201es\u0142u\u017c\u0105ce do zapewnienia bezpiecze\u0144stwa\u201d, \u201estatystyczne\u201d, \u201emarketingowe\u201d, \u201ereklamowe\u201d i \u201einne\u201d. Szczeg\u00f3\u0142owe cele i zasady dzia\u0142ania tych plik\u00f3w zosta\u0142y om\u00f3wione w punkcie\u00a0poni\u017cej.<\/li><\/ol>\n\n\n\n<p class=\"has-text-align-center\"><strong>III. Cele, w jakich wykorzystujemy pliki Cookies<\/strong><\/p>\n\n\n\n<ol class=\"wp-block-list\"><li>Jako Administratorzy, <strong>wykorzystujemy Cookies W\u0142asne w nast\u0119puj\u0105cych celach<\/strong>:<br><br>a) <strong>Konfiguracja naszej Strony internetowej i<\/strong> <strong>realizacja proces\u00f3w niezb\u0119dnych dla zapewnienia pe\u0142nej funkcjonalno\u015bci wszystkich jej podstron<\/strong> \u2013 dzi\u0119ki plikom Cookies mo\u017cliwe jest:<ul><li>dostosowanie zawarto\u015bci wszystkich przegl\u0105danych przez Ciebie podstron internetowych do Twoich preferencji, co pozwala Ci na optymalne korzystanie z naszej Strony internetowej \u2013 w szczeg\u00f3lno\u015bci, pliki Cookies pozwalaj\u0105 rozpozna\u0107 podstawowe parametry Twojego Urz\u0105dzenia i odpowiednio wy\u015bwietli\u0107 stron\u0119 internetow\u0105, dostosowan\u0105 do Twoich indywidualnych potrzeb,<\/li><li>rozpoznanie i zapami\u0119tanie Twojego urz\u0105dzenia oraz jego lokalizacji, aby nasza Strona internetowa wy\u015bwietla\u0142a si\u0119 w odpowiedni spos\u00f3b, dostosowany do miejsca, w kt\u00f3rym aktualnie si\u0119 znajdujesz,<\/li><li>zapami\u0119tanie wybranych przez Ciebie ustawie\u0144 i dokonanie personalizacji Twojego interfejsu, np. w zakresie wybranego j\u0119zyka lub regionu, z kt\u00f3rego korzystasz z naszej Strony internetowej,<\/li><li>zapami\u0119tanie rozmiaru czcionki czy wygl\u0105du naszej Strony internetowej, aby korzystanie z niej by\u0142o \u0142atwiejsze i przyjemniejsze,<\/li><li>poprawne obs\u0142ugiwanie wtyczek, co pozwala w szczeg\u00f3lno\u015bci na weryfikacj\u0119 \u017ar\u00f3de\u0142 przekierowa\u0144 U\u017cytkownik\u00f3w na moj\u0105 Stron\u0119 internetow\u0105,<br><br>b)<strong>Uwierzytelnianie i zapewnienie ci\u0105g\u0142o\u015bci sesji<\/strong>:<\/li><li>utrzymanie Twojej sesji na mojej Stronie internetowej,\u00a0<\/li><li>weryfikacja autentyczno\u015bci sesji Twojej przegl\u0105darki,<\/li><li>zoptymalizowanie i zwi\u0119kszenia wydajno\u015bci us\u0142ug, kt\u00f3re dla Ciebie \u015bwiadcz\u0119,<br><br>c)<strong>Zapewnienie bezpiecze\u0144stwa i niezawodno\u015bci dzia\u0142ania mojej Strony internetowej<\/strong>.<br><\/li><\/ul><\/li><li><strong>Administrator us\u0142ugi lub dost\u0119pnej na mojej Stronie internetowej wtyczki<\/strong>, b\u0119d\u0105cy moim zaufanym podmiotem trzecim, wykorzystuje <strong>Cookies Zewn\u0119trzne<\/strong> w nast\u0119puj\u0105cych celach:<br>a) wykorzystania funkcji interaktywnych w celu popularyzacji mojej Strony internetowej \u2013 g\u0142\u00f3wnie za pomoc\u0105 serwis\u00f3w spo\u0142eczno\u015bciowych takich jak:<ul><li><strong>Facebook<\/strong> [administrator cookies: Meta Platforms, Inc. z siedzib\u0105 w USA lub Meta Platforms Ireland Limited z siedzib\u0105 w Irlandii],<\/li><li><strong>Instagram<\/strong> [administrator cookies: Meta Platforms, Inc. z siedzib\u0105 w USA lub Meta Platforms Ireland Limited z siedzib\u0105 w Irlandii],<\/li><\/ul><\/li><\/ol>\n\n\n\n<figure class=\"wp-block-table\"><table><tbody><tr><td><br><\/td><td><strong>Nazwa<\/strong><\/td><td><strong>Typ<\/strong><\/td><td><strong>Cel<\/strong><\/td><td><strong>Rodzaj i wa\u017cno\u015b\u0107 pliku cookie<\/strong><\/td><\/tr><tr><td><strong>First <\/strong><strong>party cookie<\/strong><\/td><td><strong>_ga<\/strong><\/td><td><\/td><td><br>Plik cookie u\u017cywany przez Google Analytics, kt\u00f3ry rejestruje unikalny, losowo wygenerowany identyfikator u\u017cytkownika, kt\u00f3ry s\u0142u\u017cy do generowania anonimowych danych statystycznych dotycz\u0105cych sposobu, w jaki odwiedzaj\u0105cy korzysta ze strony internetowej (m.in. s\u0142u\u017cy do obliczania danych dotycz\u0105cych odwiedzaj\u0105cych, sesji, kampanii i \u015bledzenia wykorzystania witryny w celu sporz\u0105dzenia raportu analitycznego strony internetowej).\u00a0<\/td><td><strong>Rodzaj:\u00a0<\/strong>Statystyczny plik cookie<br><strong>Czas przechowywania:<\/strong>\u00a0plik cookie Administratora usuwany po up\u0142ywie 2 lat.<br><\/td><\/tr><tr><td><strong>First party cookie<\/strong><\/td><td><strong>cookielawinfo-checkbox-advertisement<\/strong><\/td><td><br><\/td><td>Plik cookie wykorzystywany w celu sprawdzenia ustawie\u0144 plik\u00f3w cookies na stronie internetowej i s\u0142u\u017cy do przechowywania zgody u\u017cytkownika na pliki cookie w kategorii \u201eciasteczka reklamowe\u201d. Plik cookie jest umieszczony przez GDPR Cookie Consent.<\/td><td><strong>Rodzaj: <\/strong>Niezb\u0119dny plik cookie <strong>Czas przechowywania: <\/strong>plik cookie usuwany po up\u0142ywie 1 roku.<\/td><\/tr><tr><td><strong>First party cookie<\/strong><\/td><td><strong>cookielawinfo-checkbox-analytics<\/strong><\/td><td>HTML<\/td><td>Plik cookie wykorzystywany w celu sprawdzenia ustawie\u0144 plik\u00f3w cookies na stronie internetowej i s\u0142u\u017cy do przechowywania zgody u\u017cytkownika na pliki cookie w kategorii \u201eciasteczka analityczne\u201d. Plik cookie jest umieszczony przez GDPR Cookie Consent.<\/td><td><strong>Rodzaj: <\/strong>Niezb\u0119dny plik cookie <strong>Czas przechowywania: <\/strong>plik cookie usuwany po up\u0142ywie 1 roku.&nbsp;<\/td><\/tr><tr><td><strong>First party cookie<\/strong><\/td><td><strong>cookielawinfo-checkbox-functional<\/strong><\/td><td>HTML<\/td><td>Plik cookie wykorzystywany w celu sprawdzenia ustawie\u0144 plik\u00f3w cookies na stronie internetowej i s\u0142u\u017cy do przechowywania zgody u\u017cytkownika na pliki cookie w kategorii \u201eciasteczka funkcjonalne\u201d. Plik cookie jest umieszczon przez GDPR Cookie Consent.<\/td><td><strong>Rodzaj: <\/strong>Niezb\u0119dny plik cookie <strong>Czas przechowywania: <\/strong>plik cookie usuwany po up\u0142ywie 1 roku.<\/td><\/tr><tr><td><strong>First party cookie<\/strong><\/td><td><strong>cookielawinfo-checkbox-necessary<\/strong><\/td><td>HTML<\/td><td>Plik cookie wykorzystywany w celu sprawdzenia ustawie\u0144 plik\u00f3w cookies na stronie internetowej i s\u0142u\u017cy do przechowywania zgody u\u017cytkownika na pliki cookie w kategorii \u201eciasteczka niezb\u0119dne\u201d. Plik cookie jest umieszczony przez GDPR Cookie Consent.<\/td><td><strong>Rodzaj: <\/strong>Niezb\u0119dny plik cookie <strong>Czas przechowywania: <\/strong>plik cookie usuwany po up\u0142ywie 1 roku.<\/td><\/tr><tr><td><strong>First party cookie<\/strong><\/td><td><strong>cookielawinfo-checkbox-others<\/strong><\/td><td>HTML<\/td><td>Plik cookie wykorzystywany w celu sprawdzenia ustawie\u0144 plik\u00f3w cookies na stronie internetowej i s\u0142u\u017cy do przechowywania zgody u\u017cytkownika na pliki cookie w kategorii \u201eciasteczka inne\u201d. Plik cookie jest umieszczony przez GDPR Cookie Consent.<\/td><td><strong>Rodzaj: <\/strong>Niezb\u0119dny plik cookie <strong>Czas przechowywania: <\/strong>plik cookie usuwany po up\u0142ywie 1 roku.<\/td><\/tr><tr><td><strong>First party cookie<\/strong><\/td><td><strong>cookielawinfo-checkbox-performance<\/strong><\/td><td><br><\/td><td>Plik cookie wykorzystywany w celu sprawdzenia ustawie\u0144 plik\u00f3w cookies na stronie internetowej i s\u0142u\u017cy do przechowywania zgody u\u017cytkownika na pliki cookie w kategorii \u201eciasteczka wydajno\u015bciowe\u201d. Plik cookie jest umieszczony przez GDPR Cookie Consent.<\/td><td><strong>Rodzaj: <\/strong>Niezb\u0119dny plik cookie <strong>Czas przechowywania: <\/strong>plik cookie usuwany po up\u0142ywie 1 roku.<\/td><\/tr><tr><td><strong>First party cookie<\/strong><\/td><td><strong>wordpress_test_cookie<\/strong><\/td><td>HTTP<\/td><td>Plik cookie pozwalaj\u0105cy okre\u015bli\u0107, czy na danej stronie mo\u017cliwe jest osadzanie ciasteczek. Ten testowy plik cookie jest ustawiany dla ka\u017cdego odwiedzaj\u0105cego, aby sprawdzi\u0107, czy jego przegl\u0105darka akceptuje pliki cookie.&nbsp; Plik cookie jest umieszczony przez WordPress.<\/td><td><strong>Rodzaj: <\/strong>Funkcjonalny plik cookie <strong>Czas przechowywania: <\/strong>sesyjny plik cookie, usuwany po zamkni\u0119ciu przegl\u0105darki.<\/td><\/tr><tr><td><strong>First party cookie<\/strong><\/td><td><strong>wp-settings-time-3<\/strong><\/td><td>HTML<\/td><td>Plik cookie s\u0142u\u017c\u0105cy weryfikacji tego, kim jeste\u015b i czy jeste\u015b zalogowany na stronie, czy nie. Plik cookie jest umieszczony przez WordPress.<\/td><td><strong>Rodzaj: <\/strong>Techniczny plik cookie <strong>Czas przechowywania: <\/strong>plik cookie usuwany po up\u0142ywie 1 roku.<\/td><\/tr><\/tbody><\/table><\/figure>\n\n\n\n<p><strong>IV.<\/strong> <strong>Wtyczki i inne narz\u0119dzia Social media<\/strong><\/p>\n\n\n\n<ol class=\"wp-block-list\"><li>Na naszej Stronie internetowej u\u017cywane s\u0105 <strong>wtyczki<\/strong> i <strong>inne narz\u0119dzia spo\u0142eczno\u015bciowe<\/strong> udost\u0119pniane przez serwisy spo\u0142eczno\u015bciowe, takie jak <strong>Facebook <\/strong>czy<strong> Instagram.<\/strong><\/li><li><strong>Wy\u015bwietlaj\u0105c nasz\u0105 Stron\u0119 internetow\u0105<\/strong>, zawieraj\u0105c\u0105 tak\u0105 wtyczk\u0119, <strong>Twoja przegl\u0105darka nawi\u0105\u017ce bezpo\u015brednie po\u0142\u0105czenie z serwerami administrator\u00f3w w\u0142a\u015bciwych serwis\u00f3w spo\u0142eczno\u015bciowych<\/strong> (us\u0142ugodawc\u00f3w zewn\u0119trznych). Zawarto\u015b\u0107 takiej wtyczki jest przekazywana przez danego us\u0142ugodawc\u0119 zewn\u0119trznego bezpo\u015brednio do Twojej przegl\u0105darki, a nast\u0119pnie jest integrowana ze stron\u0105. Dzi\u0119ki tej integracji us\u0142ugodawcy otrzymuj\u0105 informacj\u0119, \u017ce Twoja przegl\u0105darka wy\u015bwietli\u0142a nasz\u0105 stron\u0119 \u2013 nawet w sytuacji, kiedy nie posiadasz profilu u danego us\u0142ugodawcy lub kiedy nie jeste\u015b u niego akurat zalogowany. Taka informacja (wraz z Twoim adresem IP w formie zanonimizowanej) jest przez Twoj\u0105 przegl\u0105dark\u0119 przesy\u0142ana w bezpo\u015brednio do serwera danego us\u0142ugodawcy i tam jest te\u017c przechowywana.\u00a0<\/li><li>Je\u015bli <strong>zalogowa\u0142e\u015b si\u0119 do jednego z serwis\u00f3w spo\u0142eczno\u015bciowych<\/strong>, to us\u0142ugodawca ten b\u0119dzie m\u00f3g\u0142 bezpo\u015brednio przyporz\u0105dkowa\u0107 wizyt\u0119 na naszej Stronie internetowej do Twojego profilu w danym serwisie spo\u0142eczno\u015bciowym.<\/li><li>Je\u015bli u\u017cyjesz danej <strong>wtyczki<\/strong>, przyk\u0142adowo \u2013 tak jak ma to miejsce w przypadku portalu Facebook \u2013 poprzez klikni\u0119cie w przycisk \u201eLubi\u0119 to\u201d lub \u201eUdost\u0119pnij\u201d, to odpowiednia informacja zostanie r\u00f3wnie\u017c przes\u0142ana bezpo\u015brednio na serwer danego us\u0142ugodawcy i tam zachowana.<\/li><li>Co wi\u0119cej, takie informacje zostan\u0105 opublikowane w danym serwisie spo\u0142eczno\u015bciowym i uka\u017c\u0105 si\u0119 osobom, kt\u00f3rych masz w gronie swoich znajomych dodanym (Twoje kontakty). Cel i zakres gromadzenia tych danych oraz ich dalszego przetwarzania i wykorzystania przez us\u0142ugodawc\u00f3w, jak r\u00f3wnie\u017c mo\u017cliwo\u015b\u0107 kontaktu oraz Twoje prawa w tym zakresie i mo\u017cliwo\u015b\u0107 dokonania ustawie\u0144 zapewniaj\u0105cych ochron\u0119 Twojej prywatno\u015bci zosta\u0142y opisane w polityce prywatno\u015bci poszczeg\u00f3lnych us\u0142ugodawc\u00f3w.<ul><li><strong>Facebook<\/strong>: https:\/\/www.facebook.com\/legal\/FB_Work_Privacy,<\/li><li><strong>Instagram<\/strong>: https:\/\/help.instagram.com\/519522125107875.<\/li><\/ul><\/li><li>Je\u015bli nie chcesz, aby serwisy spo\u0142eczno\u015bciowe przyporz\u0105dkowywa\u0142y dane zebrane w trakcie odwiedzin na naszej Stronie internetowej, bezpo\u015brednio do Twojego profilu dzia\u0142aj\u0105cego w ramach kt\u00f3rego\u015b z serwis\u00f3w wskazanych powy\u017cej, to przed wizyt\u0105 na naszej Stronie musisz si\u0119 z tego serwisu wylogowa\u0107. Mo\u017cesz r\u00f3wnie\u017c ca\u0142kowicie uniemo\u017cliwi\u0107 za\u0142adowanie na stronie wtyczek stosuj\u0105c odpowiednie rozszerzenia dla Twojej przegl\u0105darki \u2013 przyk\u0142adowo, poprzez blokowanie skrypt\u00f3w.<\/li><\/ol>\n\n\n\n<p class=\"has-text-align-center\"><strong>V.<\/strong> <strong>Warunki przechowywania lub uzyskiwania dost\u0119pu przez pliki Cookies<\/strong><\/p>\n\n\n\n<ol class=\"wp-block-list\"><li>Mo\u017cesz <strong>samodzielnie i w ka\u017cdym czasie zmieni\u0107 ustawienia dotycz\u0105ce plik\u00f3w Cookies<\/strong>, okre\u015blaj\u0105c warunki ich przechowywania i uzyskiwania dost\u0119pu przez pliki Cookies do Twojego Urz\u0105dzenia, co mo\u017ce polega\u0107 na:<br>a) ograniczeniu dost\u0119pu,<br>b) wy\u0142\u0105czeniu dost\u0119pu.<\/li><\/ol>\n\n\n\n<p>W przypadku skorzystania z tej opcji korzystanie z naszej Strony internetowej wci\u0105\u017c b\u0119dzie mo\u017cliwe \u2013 oczywi\u015bcie poza funkcjami, kt\u00f3re ze swojej natury wymagaj\u0105 dzia\u0142ania plik\u00f3w Cookies.<\/p>\n\n\n\n<ol class=\"wp-block-list\"><li><strong>Zmiany ustawie\u0144<\/strong>, o kt\u00f3rych mowa powy\u017cej, mo\u017cesz dokona\u0107:<br>a) za pomoc\u0105 ustawie\u0144 przegl\u0105darki internetowej lub\u00a0<br>b) za pomoc\u0105 konfiguracji us\u0142ugi,<br>c) bezpo\u015brednio z poziomu pojawiaj\u0105cego si\u0119 przy ka\u017cdych pierwszych odwiedzinach alertu pop-up.\u00a0 \u00a0<\/li><\/ol>\n\n\n\n<p><strong>Ustawienia te mog\u0105 zosta\u0107 zmienione<\/strong> w szczeg\u00f3lno\u015bci w taki spos\u00f3b, aby blokowa\u0107 automatyczn\u0105 obs\u0142ug\u0119 plik\u00f3w Cookies w ustawieniach przegl\u0105darki internetowej b\u0105d\u017a informowa\u0107 o ich ka\u017cdorazowym zamieszczeniu Cookies na Twoim Urz\u0105dzeniu. Szczeg\u00f3\u0142owe informacje o mo\u017cliwo\u015bci i sposobach obs\u0142ugi plik\u00f3w Cookies dost\u0119pne s\u0105 w ustawieniach przegl\u0105darki internetowej.\u00a0<br>3. W ka\u017cdej chwili mo\u017cesz r\u00f3wnie\u017c <strong>usun\u0105\u0107<\/strong> dotychczas zgromadzone pliki Cookies.<\/p>\n","protected":false},"excerpt":{"rendered":"<p>POLITYKA PLIK\u00d3W COOKIES Cze\u015b\u0107! Niezale\u017cnie od tego czy lubisz ciasteczka czy nie, poni\u017cej znajdziesz gar\u015b\u0107 informacji na temat plik\u00f3w cookies, jakie wykorzystuje nasza Strona internetowa lub Blog, kt\u00f3re s\u0105 dla Ciebie dost\u0119pne pod adresem: www.biznesyiniuanse.pl \ud83d\ude42\u00a0 Ten dokument, to Polityka plik\u00f3w Cookies. Okre\u015bla ona zasady przechowywania i dost\u0119pu do informacji na Twoich urz\u0105dzeniach za pomoc\u0105&#8230;<\/p>\n","protected":false},"author":1,"featured_media":0,"parent":0,"menu_order":0,"comment_status":"closed","ping_status":"closed","template":"","meta":{"_kad_blocks_custom_css":"","_kad_blocks_head_custom_js":"","_kad_blocks_body_custom_js":"","_kad_blocks_footer_custom_js":"","_kad_post_transparent":"","_kad_post_title":"","_kad_post_layout":"","_kad_post_sidebar_id":"","_kad_post_content_style":"","_kad_post_vertical_padding":"","_kad_post_feature":"","_kad_post_feature_position":"","_kad_post_header":false,"_kad_post_footer":false,"footnotes":""},"class_list":["post-598","page","type-page","status-publish","hentry"],"featured_image_src_large":false,"author_info":{"display_name":"b1zn1u","author_link":"https:\/\/biznesyiniuanse.pl\/index.php\/author\/b1zn1u\/"},"comment_info":0,"taxonomy_info":[],"_links":{"self":[{"href":"https:\/\/biznesyiniuanse.pl\/index.php\/wp-json\/wp\/v2\/pages\/598","targetHints":{"allow":["GET"]}}],"collection":[{"href":"https:\/\/biznesyiniuanse.pl\/index.php\/wp-json\/wp\/v2\/pages"}],"about":[{"href":"https:\/\/biznesyiniuanse.pl\/index.php\/wp-json\/wp\/v2\/types\/page"}],"author":[{"embeddable":true,"href":"https:\/\/biznesyiniuanse.pl\/index.php\/wp-json\/wp\/v2\/users\/1"}],"replies":[{"embeddable":true,"href":"https:\/\/biznesyiniuanse.pl\/index.php\/wp-json\/wp\/v2\/comments?post=598"}],"version-history":[{"count":1,"href":"https:\/\/biznesyiniuanse.pl\/index.php\/wp-json\/wp\/v2\/pages\/598\/revisions"}],"predecessor-version":[{"id":599,"href":"https:\/\/biznesyiniuanse.pl\/index.php\/wp-json\/wp\/v2\/pages\/598\/revisions\/599"}],"wp:attachment":[{"href":"https:\/\/biznesyiniuanse.pl\/index.php\/wp-json\/wp\/v2\/media?parent=598"}],"curies":[{"name":"wp","href":"https:\/\/api.w.org\/{rel}","templated":true}]}}